317*k. What is u(k)?
-15
Let l(a) = a**2 + 13*a + 4. Suppose 21 = -3*w - 3*t, 28*w = 27*w - 4*t - 10. Determine l(w).
-38
Suppose 2*p - 2 = p. Let t be (-10 - 98/(-7))*3/4. Suppose -t*y + 17 = 2*u, p*y - 19 = -u - 8. Let b(f) = 7*f - 1. Determine b(u).
6
Let q(r) = r**3 - 7*r**2 - 3*r + 9. Let g(u) = -33*u - 2. Let s be g(-1). Let j = -3 + s. Suppose -10*f = -6*f - j. Determine q(f).
-12
Let d(j) = j**2 - j - 1. Suppose 0 = 4*z - 77 + 57. Suppose -5*g = -3*h + z, 12 = -5*h - 3*g + 43. Determine d(h).
19
Let y = -44 - -47. Let w(p) = -p**3 + 4*p**2 - 3*p + 6. Determine w(y).
6
Let q(s) = -s**3 + 2*s**2 + 4*s - 4. Suppose 5*w + 753 = -1472. Let j = w - -448. What is q(j)?
-1
Let l = 59 + -49. Suppose -44 - l = -9*f. Let r(v) = -6*v**2. Let o(g) = 7*g**2 + g + 1. Let c(d) = 5*o(d) + 6*r(d). Determine c(f).
-1
Let y = 364 - 372. Let k(q) = 46 + 8*q**2 - 96 + 3*q + q**2 + 53 + q**3. Calculate k(y).
43
Let x(m) be the third derivative of m**8/20160 + m**7/5040 - m**6/60 - 37*m**5/30 - 4*m**2 + 2*m. Let j(z) be the third derivative of x(z). Calculate j(-5).
8
Let d(j) = 29*j - 90 - 67 + 238 - 75. Determine d(1).
35
Let s = -310 + 190. Let p = 111 + s. Let i(f) = f**3 + 9*f**2 + f + 5. Give i(p).
-4
Let b(m) = -2*m**3 - 4*m**2 + 2*m + 4. Suppose 16*y + 1162 = -390. Let i = y - -94. What is b(i)?
16
Let d(k) = -k**3 + 3*k**2 + 4*k + 1. Let i be d(6). Let r = i + 81. Let u be r + 8/(-4) + 6/1. Let x(q) = -q**3 + q**2 - 3*q + 2. What is x(u)?
-8
Let m(t) = -24 + 4*t + 105 - 43 - 50 - 26. Give m(10).
2
Let c be (672/(-9))/8*(-12)/14. Suppose -3*q + m + 2 = -20, 2*m = -c. Let d(u) = 2*u - 13. Calculate d(q).
-1
Let g = 11 + -5. Let w(l) = l**2 - 8*l + 7. Let m be w(g). Let v(b) be the second derivative of -b**5/20 - b**4/3 + b**3/2 + 5*b**2/2 - b - 589. Calculate v(m).
15
Let f(z) = 3*z + 38. Let t be f(-11). Let o(n) = -t*n - n**2 - 3 - 9*n + 4*n - 4*n. Let h be o(-14). Let w(c) = -2*c. What is w(h)?
6
Let v(o) = 15*o - 723. Let f = 24617 + -24569. What is v(f)?
-3
Let a(n) = n**3 - 22*n**2 + 22*n - 1. Let d(o) = 66*o - 1761. Let j be d(27). Determine a(j).
20
Let g(o) = 3*o**2 + 4*o - 14. Let i = 927 + -925. Give g(i).
6
Suppose -5*y = 5*h - 465 + 110, -142 = -2*y - 5*h. Let z be (-6 + 4)*(-6)/36*219. Let w = z - y. Let x(u) = 3*u**2 - 3*u + 1. Calculate x(w).
7
Let r(a) = a**2 - 4. Let y be r(-3). Let v(x) = 30*x - 12*x + x**3 - 8*x - y*x**2 - 8*x**2 + 17. Determine v(12).
-7
Let p(q) = -q**3 - 7*q**2 - 4. Let r = 930 - 935. Let f(o) = 2*o**3 + 9 + 14*o**2 - 4*o - 2*o + 6*o. Let y(t) = r*p(t) - 2*f(t). Determine y(-7).
2
Let f(t) = t**2 + t - 43. Suppose 0 = -5*b + 5*h + 60, 2*b - 30 = -96*h + 99*h. Calculate f(b).
-1
Let t(p) = -16*p**2 + 81*p + 1. Let y be t(5). Let m(h) be the first derivative of -h**4/4 + 5*h**3/3 + 5*h**2/2 + h - 6. Calculate m(y).
-5
Let u = 91 + 10. Suppose 0 = -4*z - u + 97. Let g(n) = -14*n + 0 + 0. Determine g(z).
14
Let h be (-8 - -9)/((-3)/(-534)) - 2. Suppose -27*x - 17*x = h. Let f(l) = -l**3 + 4*l + 1. Give f(x).
49
Let a(y) = -3*y. Let x be 3/(-2)*(-2 - -14)/(-6). Suppose 2*n = -3*d + 5*d + 14, 0 = -2*d + x*n - 18. Let t be (-10)/(-4) - d/(-6). Determine a(t).
-6
Let u(i) = -1512*i**2 + 755*i**2 - 10 - 4*i**3 - i + i**3 + 760*i**2. Determine u(0).
-10
Suppose -3*s - 4*n - 10 = 0, 0 = -5*s + 2*n - n + 14. Let x(a) = -2 + 0 + 70*a**2 - 72*a**2 + 4 - a. Give x(s).
-8
Suppose -222*k - 18*k - 240 = 0. Let n(i) = -26*i - 2 - 1 + 7 - 3. Give n(k).
27
Suppose v - 3 = 1. Let h(i) = v*i**2 + 5*i**2 - 12*i**2 + 2 + 8*i - 4 + 2*i**2. Give h(6).
10
Let t = -39 - -39. Suppose t*z + 4 = z. Let d(n) = 5*n**3 - z*n**3 - 3*n**2 - 1 + 0*n**3. What is d(3)?
-1
Let y(o) = -o**2 - o - 21. Let p(l) = -l**3 - 8*l**2 + l - 100. Let j(a) = p(a) - 5*y(a). Calculate j(-5).
25
Let k = 1 - -22. Suppose -35*z = 1305 - 1375. Let d(x) = -z + 22*x**2 - k*x**2 - 5 - 8*x. Give d(-7).
0
Let q = 14444 + -14442. Let u(h) be the second derivative of 1/12*h**4 + 34*h - 5/6*h**3 + 0*h**q + 0. Calculate u(5).
0
Suppose -2*i - 3*q - 12 = -5*q, 3*i - 4*q = -22. Let b(t) be the first derivative of 0*t - 1/2*t**2 + t**3 - 54. Calculate b(i).
14
Let b(f) = -2*f - 3*f + f. Let l be ((-7)/(-4))/((-1)/4*-1). Suppose 8*m = -l - 1. Give b(m).
4
Let f be -2*(27/6)/(-9). Let v = f + 0. Let u(s) = 5 - 1 - v - s - 6. Calculate u(-5).
2
Let k(i) = 4*i**2 - 27*i - 5. Let y(m) = 9*m**2 - 53*m - 9. Let u(z) = 5*k(z) - 3*y(z). Let t be u(4). Let b(w) = -w**3 - 14*w**2 - 6. What is b(t)?
-6
Let a(c) be the third derivative of -c**5/60 - c**4/12 - c**3/6 - 544*c**2. Let o be ((-2)/6)/((-1)/21). Suppose -5*j - 2*s - 5 = -2, -2*j + 5*s = o. Give a(j).
0
Let i(j) = -j**3 + 4*j**2 + 2*j. Let x = -68 - -72. Suppose 26 = 5*m + 2*a, 8 = 6*m - m - x*a. Calculate i(m).
8
Let s(m) = m**3 + 7*m**2 - 3*m + 10. Let d = 7142 - 7150. Give s(d).
-30
Let p be 41 - (3 - 0)/3. Suppose -43*w = -p*w + 9. Let s(h) = -2*h**3 - h**2 + 5*h + 2. Give s(w).
32
Let w(u) = u**3 + 16*u**2 - 17*u - 5. Let a(h) = -h**3 + 17*h**2 + 22*h - 72. Let p be a(19). Let k = -393 - p. Calculate w(k).
-5
Let b = 1008 - 1011. Let v(j) be the first derivative of -j**2/2 - 5*j + 91. Give v(b).
-2
Let m(f) = -f**3 - 4*f**2 - 1. Let k(h) = 2*h**3 + 5*h**2 + h + 3. Suppose 3*y = -o + 5*o - 8, -3*y + 6 = 3*o. Let z(b) = o*k(b) + 3*m(b). Give z(3).
18
Let x(d) be the first derivative of d**2/2 + d + 2. Let c(l) be the first derivative of l**2/2 + 10*l + 2384. Let k(s) = -c(s) + 2*x(s). Calculate k(4).
-4
Let x(u) = -16*u + 120. Let v(o) = -3*o + 22. Let r(y) = 21*v(y) - 4*x(y). What is r(-17)?
-35
Let p = -11 - -27. Suppose 0 = -6*s + p + 2. Let m(r) = -2 + s - 1 + 5 - r. Give m(-7).
12
Let r(l) = -l + 5. Let j = -43 + 34. Let b be (-12)/(-10)*30/j. Let p be (6/b)/((-3)/(-8)). Determine r(p).
9
Let g(y) be the third derivative of y**6/120 - 4*y**5/15 + 13*y**4/24 + 7*y**3/2 + 69*y**2 + 8*y. Determine g(15).
-9
Let s(q) = 3*q**3 + 2*q**2 + 2*q - 2. Let c(x) = -15*x + 47. Suppose 0 = -i + 5*o + 28, 7*o - 10*o - 9 = 2*i. Let v be c(i). Determine s(v).
34
Let z(p) = p**3 + 9*p**2 + 7*p - 9. Let f be z(-8). Let y be f/(2 - 3)*-8. Let q(v) = 3*v + 11. Let s(k) = 2*k + 7. Let d(r) = y*s(r) + 5*q(r). Calculate d(6).
-7
Let t(r) = 2*r**2 - 6*r + 2. Let o(w) = 4*w**2 + 16*w - 46. Let u(k) = -5*k**2 - k - 1. Let s(z) = o(z) + u(z). Let f be s(5). Give t(f).
2
Let r(c) = -6*c - 91. Let a be (-104)/6 - 220/(-165). What is r(a)?
5
Let f be (15/10)/(135/44 - 3). Let l be (0/2 - -3) + 1. Suppose 3*x - 5*n = -f - 7, -2*x + l*n - 22 = 0. Let t(a) = -2*a - 4. Give t(x).
2
Let b(r) = -12 - r**2 + 8 + 3 - 1. Suppose t + 83 = -3*f + 7*f, 2*t = -4*f + 86. Suppose -f*k = -24*k. Give b(k).
-2
Let m(g) = g**2 + 330*g - 3073. Let d be m(9). Let b(f) = -f**3 - 20*f**2 + 48*f + 84. Calculate b(d).
-4
Let a(c) = -12*c - 505. Suppose -3 = -l + 4*q - 53, 0 = 4*l + 3*q + 162. Give a(l).
-1
Suppose 3*t - 143 = -410. Let a = 9827 + -9735. Let x = t + a. Let u(g) = 2*g + 1. Calculate u(x).
7
Let i(m) = 38*m - 36. Let z(c) = -12*c + 1. Let s(w) = i(w) + 4*z(w). Give s(-8).
48
Let w(f) = -5*f**3 - 253*f**2 - 150*f - 5. Let u be w(-50). Let q(p) = p**3 - 23*p - 5. Calculate q(u).
-15
Let z(n) = 8*n + 29 + n**2 - 74 + 23 + 23 - 4. Let g be 2*(1 + 5/(-1)). Give z(g).
-3
Let q(n) = -10*n**2 - 28*n - 14. Let m(z) = 3*z**2 + 4*z + 2. Let b(i) = -i**2 - 2*i - 1. Let t(y) = 5*b(y) + m(y). Let w(r) = 3*q(r) - 14*t(r). Give w(1).
-2
Let h(g) = -17*g - 50. Let d(b) = -16*b - 44. Let p(z) = -9*d(z) + 8*h(z). What is p(1)?
4
Suppose -5*k - 266 = 14*k. Let d be k/(-56) - (-53)/(-4). Let u(r) = -r**2 - 12*r + 12. What is u(d)?
-1
Let u be (6*9/(-24))/((-12)/16). Let h(f) = 1 - 14 + 7 - f**2 - u*f + 3. Give h(-2).
-1
Let v(h) = 2*h**2 - 6*h + 5. Let l = 418 + -218. Let r = l - 197. Calculate v(r).
5
Suppose -3*g = 6*g - 36. Let m(w) be the first derivative of -w**3/3 + 5*w**2/2 - 5*w - 14. What is m(g)?
-1
Let w = 5 + 7. Let o(q) be the second derivative of q**5/20 - 11*q**4/12 - 13*q**3/6 + 5*q**2 - 851*q - 5. What is o(w)?
-2
Suppose 1 = 4*j - 3*g, -5*j = -11*g + 7*g. Let o(k) = 5*k**3 + 2 - 5*k**2 + j - 2*k**3 + 28*k - 4*k**3 - 32*k. Determine o(-5).
26
Let q(t) = -227*t**3 + 0 + 9 + 228*t**3 - t. Suppose 0 = -31*g + 5*g. Calculate q(g).
9
Let n(o) = 402*o + 396*o + 412*o - 1215